 30/(-9) + (-95)/(-15). Let j(z) = -2*z**2 - d*z + 0*z**i + 13*z + 1 - 9*z. Determine j(1).
-3
Let a be 8/(-40) + 3/15. Let d(q) be the third derivative of -2*q**2 - 1/60*q**5 + 0 - 1/12*q**4 + a*q + 0*q**3. Determine d(-5).
-15
Let b(p) = p**3 - 9*p**2 - 2*p + 6. Let l be (-3 + -1)*(-135)/60. Calculate b(l).
-12
Let w(i) = i**3 - 2*i**2 + i - 4. Suppose y = 13 - 6. Suppose y*o + 35 = -21. Let r be o/(-12) - 28/(-12). Calculate w(r).
8
Let v = 91 - 129. Let k = -34 - v. Let d be 0/2 - (3 + k). Let t(j) = j**3 + 7*j**2 - j - 1. Determine t(d).
6
Let d(z) = 2*z**2 + 154*z - 65 + 68 - 167*z. Give d(6).
-3
Let g(t) = -15*t - t**2 + 42 + 57 - 20. What is g(-19)?
3
Suppose f = 3*s - 23, -18 + 1 = -2*s + f. Let u(y) = -11*y + 61. Give u(s).
-5
Let v(c) = 5*c. Let k(l) = -l**3 - l**2 - l - 1. Let i(j) = 3*j**3 + 14*j**2 + 12*j - 10. Let m(x) = i(x) + 2*k(x). Let n be m(-11). Calculate v(n).
-5
Let i(n) = n. Let l = 42 + -43. Let t(r) = 5*r + 1. Let y(h) = l*t(h) + 4*i(h). Give y(-2).
1
Let m be 266/(-35) - -3*(-3)/(-15). Let z(b) = b**3 + 8*b**2 + 8*b + 9. Give z(m).
2
Let m = -4 + 9. Let b(p) be the first derivative of -5/2*p**2 + 1/3*p**3 + 0*p - 21. Give b(m).
0
Let o(y) be the first derivative of 5*y**2/2 - 3*y + 44. Determine o(-5).
-28
Let x(b) = 2*b**2 + 2*b - 59. Let g be x(-6). Let p(z) = 10*z - 6. What is p(g)?
4
Let c(t) = 2*t**2 - 4. Suppose -157 + 33 = 31*g. What is c(g)?
28
Suppose -5*g - 63 = -h, -4*g - 40 = -3*h + 6. Let t = 21 + g. Let s(x) = 1. Let f(o) = -o - 4. Let r(v) = t*s(v) + 3*f(v). Determine r(-4).
8
Let s(a) be the third derivative of -a**5/60 + 13*a**4/24 + 11*a**3/6 - a**2 + a. Calculate s(13).
11
Let y(h) = h**3 + 10*h**2 - h - 13. Suppose -4*v - 50 = 5*s, -3*v + 0*v - 3*s - 36 = 0. Calculate y(v).
-3
Let i(n) = -2*n**3 - n**2 + n. Let a be i(1). Let c(j) = -27*j**2 - 380 + 28*j**2 + 382. What is c(a)?
6
Let h(p) = p. Let f = 31 - 28. Suppose 4 = -f*n + 16. Give h(n).
4
Let b(u) = u**2 + 10*u - 1. Let v = 1359 - 1366. What is b(v)?
-22
Let w(r) be the first derivative of r**4/24 + 7*r**3/6 + 3*r**2/2 + 14. Let t(x) be the second derivative of w(x). What is t(-5)?
2
Let n(k) = k**2 - 15*k + 2. Let x be ((-20)/(-12))/(7/14)*3. What is n(x)?
-48
Let g(b) = -14*b**3 - 49*b**2 + 122*b - 40. Let t(l) = -5*l**3 - 16*l**2 + 43*l - 13. Let z(d) = 6*g(d) - 17*t(d). Determine z(22).
3
Let z(v) = v**3 - v**2 - 3*v + 3. Let q be (-2 - 1)*(2 - 0 - 3). Calculate z(q).
12
Let a(o) be the second derivative of o**5/20 - o**4/6 - 2*o**3/3 + o**2/2 - 152*o. Determine a(4).
17
Let l(x) be the first derivative of x**3/3 - 9*x**2/2 - x + 10. Give l(7).
-15
Let x(b) = b**2 - 2*b + 4. Suppose -11*m = -3*m + 32. What is x(m)?
28
Let g(h) = -h**3 + h**2 + h - 1. Let n(j) = -10*j**3 - 5*j**2 - 5*j + 7. Suppose s = -2*s - 5*r - 8, 4*s + r = -5. Let o(w) = s*n(w) - 6*g(w). What is o(-1)?
-17
Let f(p) be the second derivative of 1/6*p**3 + 0 - 7/60*p**5 - 10*p + 1/2*p**2 + 0*p**4. Let q(o) be the first derivative of f(o). Give q(1).
-6
Let o(p) = -p**2 + 5*p - 6. Let q(d) = -d**3 - 5*d**2 + 17*d + 46. Let y be q(-7). Suppose -2*w + 3*j = -10, -8*j = 5*w - 3*j - y. Calculate o(w).
-6
Suppose 140*k - 54 = 146*k. Let i(j) = j**2 + 9*j - 10. Calculate i(k).
-10
Suppose z = 4*q - 15, 0*q = -2*q + 2*z. Let h(l) be the second derivative of 0 - 1/6*l**3 - 1/20*l**q + 2*l - 7/2*l**2 - 5/12*l**4. What is h(-5)?
-2
Let x(w) = w - 2 + 0 - 1. Let a(p) = p**2 + 12*p + 15. Let l(u) = u**3 + 6*u**2 + u - 5. Let f be l(-6). Let r be a(f). Calculate x(r).
1
Let b(k) = 2*k - 5. Let i be b(2). Let w be i/((4/(-12))/((-2)/(-3))). Let m(c) = c**3 - c**2 + 3*c - 2. Calculate m(w).
8
Let k(t) be the third derivative of -t**6/120 - t**5/10 + t**4/6 + 17*t**3/6 + 193*t**2. What is k(-6)?
-7
Let u(f) = 683 - 3*f + 10*f**2 - 673 - f**3 + 2*f + 0*f. Calculate u(10).
0
Let g = -14 + 19. Suppose -3*a + 3 = -3*w, 0*w + 4*w - a = g. Let t(n) = -w*n - 6*n**2 + 3*n**2 + 2*n**3 - n**3 + 2. Calculate t(3).
-4
Let q = 14 + -12. Let y(j) = -5*j**q + 1 - 3*j**2 + 0*j**2. Calculate y(-1).
-7
Let z(u) = -4*u - 48. Let a be z(-11). Let g(t) = t**2 + 6*t + 6. Calculate g(a).
-2
Let z(y) = y**2 - 8*y. Let v = 64 + -56. Suppose -d + 26 = 5*b, -d + v = 2*b - 0*b. Give z(b).
-12
Let v(p) = p + 4. Suppose -36 = g - 5*g. Let c = 5 + 7. Let f = c - g. Determine v(f).
7
Suppose 0 = 5*f - 5*h - 5, -f + 13 = 2*h - 0*h. Suppose -t - 1 = 3. Let j(m) = -m. Let i(w) = w**2 - 10*w + 2. Let q(o) = t*j(o) + i(o). What is q(f)?
-3
Suppose 4*f - 4*p = p + 14, 2*f = -2*p - 2. Let h(x) be the second derivative of -4*x**5/5 + x**3/6 - x. Give h(f).
-15
Let x be (-5)/(-60) + 2 + -1 + -1. Let m(r) be the third derivative of 0 + 0*r + x*r**4 + 5*r**2 + 1/6*r**3. Give m(-6).
-11
Let v(t) = -t**3 + 3*t + 1. Suppose -3*f - 4*c - 26 = 0, 4*f + 7 = 5*c + 24. Let h be v(f). Let y(q) = q**3 - 4*q**2 + 1. What is y(h)?
-8
Let w(x) = x**2 - x - 5. Let s(j) = -j + 33. Let y be s(17). Suppose 14*g - y = 10*g. Determine w(g).
7
Let t(k) be the third derivative of k**4/4 + 2*k**2 + 72*k. Give t(8).
48
Let r(h) = 2*h**2 - 17*h - 21. Let x(i) = 3*i**2 - 25*i - 32. Let c(v) = -7*r(v) + 5*x(v). Let w be c(7). Let l(g) = -g - 6. Calculate l(w).
0
Suppose -5 = -4*z + 5*u - 26, -1 = -u. Let q be (-1 + 11)*2/z. Let v(h) = h**3 + 5*h**2 - 3. Let l be v(q). Let x(g) = 3*g + 4. Calculate x(l).
-5
Let f(b) = b**2 - 5*b - 7. Let j be f(5). Let o = j + 10. Let t(z) = 4*z**2 + 3 - 2*z**3 - 33*z - 2 + 34*z. What is t(o)?
-14
Let b be 3/(-9) - (-16)/3. Suppose -b*v - 2 = -27. Let z(w) = -w + v*w**2 + 7*w - 6*w**2 - 6 - w. Calculate z(4).
-2
Let d(f) = 12*f**3 + f**2 + f - 1. Let s be d(1). Let z = s + -7. Suppose 6 + z = -2*u. Let h(x) = x + 1. What is h(u)?
-5
Let j(c) be the second derivative of c**4/12 + c**3 + 5*c**2/2 + 57*c - 1. Determine j(-5).
0
Let t(x) = 4*x**2 + 0*x**2 + 36 - 2*x**2 + 8*x - x**2 - 50. Determine t(-10).
6
Let t(y) = -y**3 + 6 + y**2 + 0*y**3 - 2*y**2 - 3*y - 4*y**2. Determine t(-5).
21
Suppose -5*u - 2*i - 375 = -5*i, 2*u + 149 = i. Let v = -67 - u. Let l(j) = j. Determine l(v).
5
Let v be 112/24 + (-6)/9. Suppose 0 = -0*a + v*a - 24. Let f(q) = q**2 - 7*q - 3. What is f(a)?
-9
Let n(w) = -w - 1. Suppose -50 = -0*y - 5*y. Let c be 66/14 - 8/(-28). Suppose -y*i - c = -11*i. Give n(i).
-6
Let f(b) = -b**2 - 7*b + 2. Let i(t) = -t - 12. Let k be i(-7). Give f(k).
12
Suppose -g + 36 = -2*a + 2*g, 112 = -4*a - 4*g. Let o = a + 27. Let d = -7 + o. Let z(x) = 4*x + 5. Determine z(d).
-11
Let l(s) be the third derivative of s**6/720 + s**5/6 + 19*s**4/24 - 34*s**2. Let d(f) be the second derivative of l(f). Give d(-9).
11
Let v(d) be the second derivative of 7*d**4/12 + 2*d**3/3 - 3*d**2/2 - 13*d. Give v(2).
33
Suppose 28 = -2*g + 4*u, -26 = 7*g - 2*g + u. Let y(k) be the second derivative of k**5/20 + k**4/2 + k**3/3 + 3*k**2/2 + 4*k. What is y(g)?
-9
Let c(l) = -8*l - 22. Let i(x) = -7. Let h(b) = c(b) - 3*i(b). Calculate h(3).
-25
Let b(o) = -o**3 + 7*o**2 - 8*o + 8. Let t(i) = -2*i**2 - 11*i + 3. Let p be t(-7). Let z = p - -24. Determine b(z).
-4
Let n(z) = -6*z - 12. Let s(y) = 4 + 3*y - 2*y - 3 + 0. Let o(h) = -n(h) - 5*s(h). Determine o(-6).
1
Let z(v) = -v + 15. Let j(f) = f**3 - 12*f**2 + 3*f - 26. Suppose 5*u + 10 = l + 69, -3*l + 3 = 0. Let m be j(u). Determine z(m).
5
Suppose -2*p - 28 = -5*r + 40, -2*p = r - 16. Suppose 3*i - r = -5. Let n(s) = i*s**2 + s**3 - 2*s + 0*s - 3 - 4*s. Determine n(-4).
5
Suppose 0 = -110*q + 122*q + 48. Let o(l) be the second derivative of -2*l**3/3 - 3*l**2 - 2*l. What is o(q)?
10
Let x(g) = 9*g + 141 - 303 + 155 - 2*g**2. Determine x(6).
-25
Let v(w) = 246*w + 1479. Let s be v(-6). Let l(o) = -4*o + 2. What is l(s)?
-10
Let z(y) = 0 + 6*y + 3 + y**2 - 1 + 2. Determine z(-3).
-5
Let p(u) = u**3 - 9*u**2 + 9*u + 22. Let s be p(8). Suppose -3*g + 9 = s. Let f(q) = q**3 + 6*q**2 - 6*q - 10. Determine f(g).
-17
Let j(h) = h**2 + 4*h + 5. Suppose 0 = -3*l + 67 - 643. Let z be (-4)/22 - l/(-33). Calculate j(z).
17
Let q(i) = i**2 + 2*i + 6. Let r(a) = a**2 + 4*a + 4. Let v(s) = -3*q(s) + 4*r(s). Give v(-11).
9
Let g(z) = -z**3 - 5*z**2 + 4*z + 4. Suppose 23*u - 9 = -147. Give g(u).
16
Let k = -174 - -262. Let s be (-91)/(1/(-2 + 1)). Let x(y) = -k + y + y + s. Give x(-4).
-5
Let d(u) = -